7, 37, 229, 277
What are the prime factors of 944171694?
2, 3, 17484661
List the prime factors of 17885056.
2, 7, 19961
What are the prime factors of 4103930201?
7, 59, 197, 50441
What are the prime factors of 615088843?
19, 211, 153427
What are the prime factors of 91765743?
3, 1229, 24889
What are the prime factors of 804907279?
11, 17, 19, 101, 2243
List the prime factors of 37638993.
3, 7, 541, 3313
What are the prime factors of 469215408?
2, 3, 9775321
List the prime factors of 28195000.
2, 5, 5639
List the prime factors of 818701018.
2, 421, 972329
What are the prime factors of 6881261869?
47, 146409827
List the prime factors of 1004951899.
7, 3719, 38603
What are the prime factors of 148436632?
2, 18554579
List the prime factors of 2477749305.
3, 5, 109, 113, 13411
List the prime factors of 3724401.
3, 1241467
What are the prime factors of 375773168?
2, 17, 1381519
What are the prime factors of 1256376662?
2, 37, 379, 44797
What are the prime factors of 4358633937?
3, 7, 29650571
List the prime factors of 19043300.
2, 5, 31, 6143
What are the prime factors of 102989534?
2, 2099, 24533
What are the prime factors of 52311053?
53, 461, 2141
What are the prime factors of 277757408?
2, 73, 118903
List the prime factors of 404427042.
2, 3, 17, 1321657
List the prime factors of 1879037032.
2, 234879629
What are the prime factors of 2412569369?
7, 89, 3872503
List the prime factors of 2622934210.
2, 5, 13, 43, 469219
What are the prime factors of 178175894?
2, 13, 23, 297953
What are the prime factors of 181205292?
2, 3, 31, 487111
What are the prime factors of 196661879?
196661879
List the prime factors of 5810919507.
3, 2393, 3331
List the prime factors of 289940943.
3, 96646981
What are the prime factors of 2254011452?
2, 7, 11, 113, 64763
List the prime factors of 89616223.
2003, 44741
What are the prime factors of 324373315?
5, 7, 449, 20641
What are the prime factors of 56165791?
11, 5105981
What are the prime factors of 8763322?
2, 23, 190507
List the prime factors of 99420734.
2, 7, 7101481
List the prime factors of 129555291.
3, 113, 461, 829
What are the prime factors of 40323473?
17, 2371969
List the prime factors of 2715873100.
2, 5, 103, 263677
List the prime factors of 2850463422.
2, 3, 158359079
List the prime factors of 5533718385.
3, 5, 13, 137, 207139
What are the prime factors of 50354150?
2, 5, 7, 11, 29, 41
List the prime factors of 5206265255.
5, 3359, 309989
List the prime factors of 140313940.
2, 5, 13, 41513
What are the prime factors of 34759627?
7, 4965661
What are the prime factors of 101724480?
2, 3, 5, 11, 13, 19
What are the prime factors of 146515696?
2, 9157231
List the prime factors of 1916902893.
3, 638967631
List the prime factors of 45633058.
2, 23, 992023
What are the prime factors of 221998788?
2, 3, 11, 439, 1277
List the prime factors of 1932126206.
2, 113, 167, 51193
What are the prime factors of 3330731083?
37, 127, 563, 1259
List the prime factors of 78095171.
7, 11, 144889
List the prime factors of 894845118.
2, 3, 167, 893059
List the prime factors of 38595183.
3, 11, 53, 22067
List the prime factors of 106833988.
2, 23, 1161239
List the prime factors of 13204535.
5, 2640907
What are the prime factors of 655032011?
19, 34475369
List the prime factors of 182607543.
3, 37, 548371
What are the prime factors of 329401122?
2, 3, 54900187
What are the prime factors of 148598129?
148598129
What are the prime factors of 1491598497?
3, 401, 1239899
List the prime factors of 37681525.
5, 7, 163, 1321
What are the prime factors of 2384425?
5, 127, 751
List the prime factors of 736317829.
13, 269, 210557
List the prime factors of 67698271.
37, 1829683
What are the prime factors of 93940062?
2, 3, 17, 53, 17377
List the prime factors of 20608295.
5, 733, 5623
What are the prime factors of 1015417935?
3, 5, 7, 139, 3313
What are the prime factors of 96270901?
79, 521, 2339
What are the prime factors of 5420898213?
3, 1213, 1489667
What are the prime factors of 74334533?
7, 13, 499, 1637
What are the prime factors of 2729688298?
2, 1153, 1183733
List the prime factors of 1419563751.
3, 473187917
List the prime factors of 1216908982.
2, 83, 2029, 3613
List the prime factors of 1426503560.
2, 5, 35662589
What are the prime factors of 2693851442?
2, 2477, 543773
What are the prime factors of 48878607?
3, 239, 68171
What are the prime factors of 21080274?
2, 3, 29, 121151
List the prime factors of 16526904.
2, 3, 688621
List the prime factors of 48804518.
2, 7, 17, 47, 4363
What are the prime factors of 76730872?
2, 601, 15959
What are the prime factors of 90059685?
3, 5, 443, 13553
List the prime factors of 59831542.
2, 29915771
What are the prime factors of 19041136?
2, 1190071
What are the prime factors of 867789918?
2, 3, 48210551
List the prime factors of 3218521.
587, 5483
List the prime factors of 75154369.
67, 1121707
What are the prime factors of 56616079?
13, 43, 101281
What are the prime factors of 289150841?
7, 17, 113, 21503
List the prime factors of 368692613.
368692613
What are the prime factors of 21039490?
2, 5, 541, 3889
What are the prime factors of 39258364?
2, 59, 166349
What are the prime factors of 140272305?
3, 5, 9351487
List the prime factors of 3193669382.
2, 1596834691
List the prime factors of 116852907.
3, 19, 163, 12577
What are the prime factors of 693779725?
5, 509, 54521
List the prime factors of 4739369.
1019, 4651
What are the prime factors of 135159706?
2, 11, 1583, 3881
What are the prime factors of 678663033?
3, 19, 47, 67, 199
What are the prime factors of 1208019713?
32213, 37501
What are the prime factors of 211210277?
29, 7283113
What are the prime factors of 57367267?
23, 31, 61, 1319
What are the prime factors of 306082068?
2, 3, 23, 1108993
What are the prime factors of 3383690600?
2, 5, 3089, 5477
List the prime factors of 5559052.
2, 61, 22783
What are the prime factors of 4889459?
67, 72977
What are the prime factors of 12174640?
2, 5, 152183
What are the prime factors of 387628707?
3, 5783, 22343
List the prime factors of 432251276.
2, 3469, 31151
List the prime factors of 1492846211.
17, 23, 3818021
List the prime factors of 88829614.
2, 683, 65029
What are the prime factors of 4517637684?
2, 3, 7, 149, 360949
List the prime factors of 160751341.
59, 2724599
List the prime factors of 312821835.
3, 5, 59, 353471
List the prime factors of 2321470537.
79, 449, 65447
What are the prime factors of 942752918?
2, 17, 27728027
List the prime factors of 1982572941.
3, 47, 839, 16759
List the prime factors of 68854440.
2, 3, 5, 573787
What are the prime factors of 444920286?
2, 3, 1297, 57173
List the prime factors of 2768874647.
7, 11, 31, 1159981
List the prime factors of 3558790872.
2, 3, 7, 13, 543161
List the prime factors of 999581757.
3, 3583, 92993
What are the prime factors of 102030442?
2, 51015221
List the prime factors of 684002224.
2, 79, 541141
What are the prime factors of 706170419?
37, 67, 127, 2243
What are the prime factors of 43674745?
5, 131, 509
What are the prime factors of 3921444707?
6883, 569729
List the prime factors of 48637405.
5, 1217, 7993
List the prime factors of 107171811.
3, 73, 157, 1039
List the prime factors of 717552963.
3, 193, 439, 941
What are the prime factors of 34034889?
3, 7, 61, 163
What are the prime factors of 1185402810?
2, 3, 5, 39513427
What are the prime factors of 40659505?
5, 8131901
List the prime factors of 142635800.
2, 5, 571, 1249
What are the prime factors of 1313709616?
2, 82106851
List the prime factors of 22657522.
2, 3061, 3701
What are the prime factors of 23882766?
2, 3, 3980461
What are the prime factors of 69293091?
3, 7, 31, 106441
List the prime factors of 1721604433.
17, 101270849
What are the prime factors of 38130361?
523, 72907
List the prime factors of 203866574.
2, 139, 733333
List the prime factors of 21993225.
3, 5, 127, 2309
What are the prime factors of 179211483?
3, 11, 1810217
List the prime factors of 1829673679.
73, 25064023
What are the prime factors of 83193048?
2, 3, 385153
List the prime factors of 650000.
2, 5, 13
List the prime factors of 579221131.
509, 1137959
List the prime factors of 109483207.
29, 71, 53173
What are the prime factors of 1091158416?
2, 3, 37, 204797
List the prim